ve s(-12).
-44
Let h(q) = -38*q - 1684. Calculate h(-43).
-50
Let d(a) = -a**3 + 35*a - 21. Determine d(6).
-27
Let s(c) = c**3 + 5*c**2 - 59*c - 309. Give s(-6).
9
Let p(a) = -2*a**3 + 18*a**2 + 238*a + 2. Calculate p(-7).
-96
Let z(h) = h**3 - 24*h**2 - 342*h + 89. What is z(34)?
21
Let r(j) = 34*j + 184. Calculate r(-5).
14
Let l(o) = 1591*o - 11136. Determine l(7).
1
Let m(u) = -5*u**3 - 72*u**2 - 19*u + 73. What is m(-14)?
-53
Let y(h) = 223*h - 18602. What is y(83)?
-93
Let a(b) = 2*b**2 + 52*b + 22. Calculate a(-27).
76
Let b(l) = l**3 + 22*l**2 - 33*l + 351. Calculate b(-24).
-9
Let g(k) = 2*k**2 + 52*k - 1442. Determine g(-43).
20
Let d(q) = -11*q + 143. Give d(12).
11
Let p(g) = 29*g - 3133. What is p(97)?
-320
Let t(k) = 2*k**2 - 119*k + 376. Give t(3).
37
Let l(p) = 3*p**3 + 19*p**2 + p - 23. Give l(-6).
7
Let h(i) = 121*i - 2188. Calculate h(17).
-131
Let j(g) = -83*g + 225. Give j(12).
-771
Let b(w) = 25*w + 589. Give b(-22).
39
Let o(w) = 19519*w - 97603. What is o(5)?
-8
Let s(n) = -n**3 - 103*n**2 + 205*n - 561. Give s(-105).
-36
Let v(a) = -3*a**2 + 65*a - 314. Calculate v(7).
-6
Let q(f) = -f**3 + 23*f**2 + 17*f + 166. What is q(24)?
-2
Let z(l) = l**2 + 22*l + 154. Calculate z(-7).
49
Let z(i) = -i**3 - 97*i**2 + 397*i - 716. Calculate z(-101).
-9
Let n(c) = 9*c**2 + 3*c - 5. Calculate n(2).
37
Let s(l) = 196*l + 1163. Determine s(-6).
-13
Let g(n) = -2*n**2 + 76*n + 2169. What is g(57)?
3
Let x(g) = g**3 + 26*g**2 + 80*g + 173. Give x(-23).
-80
Let v(g) = -g**2 - 54*g + 7553. Calculate v(64).
1
Let p(l) = 2*l**3 + l**2 + 25*l + 227. Calculate p(0).
227
Let d(h) = 10*h - 252. Calculate d(31).
58
Let m(g) = -4*g**2 - 413*g + 1685. Give m(4).
-31
Let h(k) = 246*k**2 - 1475*k + 13. Calculate h(6).
19
Let c(k) = k**3 - 7*k**2 - 4*k + 21. Calculate c(8).
53
Let a(b) = -17*b - 375. What is a(-22)?
-1
Let d(s) = s**3 + 5*s**2 + 8*s + 75. Calculate d(-6).
-9
Let k(v) = 46*v**2 - 106. Give k(0).
-106
Let t(h) = h**3 - 5*h**2 + 3*h - 119. Determine t(7).
0
Let m(f) = f**3 - 8*f**2 - 17*f + 16. What is m(10)?
46
Let r(d) = -d**3 + 424*d**2 - 41*d + 17379. Determine r(424).
-5
Let q(l) = l**3 + 3*l**2 + l - 14. What is q(-5)?
-69
Let n(g) = 578*g - 14471. What is n(25)?
-21
Let i(q) = q**3 + 54*q**2 + 756*q + 2076. Determine i(-33).
-3
Let p(t) = t**2 + 69*t + 816. Determine p(-19).
-134
Let i(z) = 952*z - 1912. Give i(2).
-8
Let l(u) = u**2 + 152*u - 451. Give l(3).
14
Let x(i) = 19*i**2 - 100*i + 27. Calculate x(5).
2
Let y(t) = -t**3 + 11*t**2 + 445*t - 4170. What is y(9)?
-3
Let t(y) = 18*y**2 + 41*y - 7. Give t(-2).
-17
Let k(b) = -18*b - 941. What is k(-44)?
-149
Let z(k) = -9*k + 38. Determine z(4).
2
Let k(h) = 5*h + 71. Calculate k(-17).
-14
Let v(r) = -r**3 - 25*r**2 + 59*r - 24. Determine v(-27).
-159
Let v(x) = -36*x**3 - 3*x**2 + 16*x - 12. Give v(1).
-35
Let m(c) = c**3 + 4*c**2 + 46*c - 385. Give m(0).
-385
Let l(g) = -g**3 - 11*g**2 - 30*g + 23. Calculate l(-6).
23
Let m(n) = -591*n - 1496. What is m(-3)?
277
Let l(i) = -40*i**3 - 2*i**2 + 2*i + 3. What is l(-1)?
39
Let c(l) = -l**2 - 176*l + 348. Determine c(2).
-8
Let z(v) = 693*v + 1393. What is z(-2)?
7
Let f(q) = q**3 + 2*q**2 + 133*q + 733. Calculate f(-5).
-7
Let u(h) = -2*h**2 - 43*h + 180. Determine u(-25).
5
Let w(f) = -24*f**3 - 10*f**2 - 12*f - 1. Determine w(-1).
25
Let m(j) = -655*j - 1981. Calculate m(-3).
-16
Let l(i) = -i**3 + 16*i**2 - 12*i - 131. Determine l(16).
-323
Let o(b) = 24*b + 63. Determine o(-15).
-297
Let l(w) = -24*w**3 - 4*w**2 - 5*w + 3. Calculate l(-2).
189
Let q(a) = 81*a + 58. Calculate q(-2).
-104
Let g(i) = i**3 - 19*i**2 - 7*i + 694. Give g(17).
-3
Let r(h) = 2*h**3 + h**2 - 20*h - 48. What is r(-3)?
-33
Let i(c) = -14*c**2 + 1192*c + 1019. Calculate i(86).
-13
Let f(t) = -2*t**2 - 321*t - 5374. Determine f(-19).
3
Let h(k) = -1025*k - 13362. Calculate h(-13).
-37
Let j(t) = -4*t**2 + t + 10. What is j(5)?
-85
Let z(n) = 8*n**3 - 18*n**2 - 17*n + 1. Calculate z(-1).
-8
Let s(h) = -7*h**2 + 29*h - 179. Calculate s(7).
-319
Let b(v) = -2*v**3 + 95*v**2 + 41*v - 62. What is b(48)?
-398
Let f(c) = c**2 + 19*c - 420. Determine f(-31).
-48
Let k(p) = p**2 + 12*p + 4. Calculate k(-13).
17
Let q(g) = 17*g**2 + 34*g + 169. What is q(-6)?
577
Let k(u) = 40*u + 45. Give k(-2).
-35
Let n(o) = 3*o**2 - 11*o - 10. Calculate n(4).
-6
Let n(a) = a**3 - 27*a**2 + 2*a + 6. What is n(27)?
60
Let c(g) = -10*g**3 - 36*g**2 - 38*g - 3. Determine c(-1).
9
Let g(i) = -10973*i + 65846. What is g(6)?
8
Let r(b) = -2*b**3 + 143*b**2 + 215*b + 263. What is r(73)?
-29
Let z(r) = 18*r**2 + 97*r - 98. What is z(1)?
17
Let c(u) = 489*u - 36188. Calculate c(74).
-2
Let n(o) = 2*o**2 - 4039*o + 28197. Determine n(7).
22
Let b(m) = 22*m - 1353. Give b(64).
55
Let n(l) = -2*l**2 - 25*l - 127. What is n(-9)?
-64
Let i(w) = -3*w**3 + 19*w**2 - 84*w + 475. Calculate i(6).
7
Let g(u) = u**3 - 4*u**2 + 2*u - 7. Calculate g(5).
28
Let a(n) = n**2 + 210*n + 6. Calculate a(-5).
-1019
Let b(v) = -16*v**2 - 88*v - 346. What is b(-4)?
-250
Let y(r) = -3*r**2 + 127*r + 414. What is y(-3)?
6
Let g(w) = -w**3 - 11*w**2 - 22*w - 55. Determine g(-9).
-19
Let g(p) = -38*p - 11. Give g(3).
-125
Let o(x) = 2*x**2 + 202*x + 3793. Give o(-25).
-7
Let i(k) = 3*k**3 + 122*k**2 + 83*k + 63. Calculate i(-40).
-57
Let l(h) = 64*h - 182. Calculate l(6).
202
Let x(v) = -7*v**2 - 93*v + 161. What is x(-15)?
-19
Let h(w) = -2*w**3 - 42*w**2 + 4*w + 4. Calculate h(-21).
-80
Let k(r) = r**3 - 56*r**2 + 71*r - 251. Calculate k(55).
629
Let l(d) = d**2 - 8616*d - 43109. Determine l(-5).
-4
Let x(y) = 4*y**2 - 159*y - 158. Calculate x(41).
47
Let d(z) = z**3 + 10*z**2 + 11*z - 28. Give d(-7).
42
Let w(x) = -21*x**3 - 147*x**2 - 16*x - 103. Determine w(-7).
9
Let h(a) = a**2 + 197*a - 1207. Determine h(6).
11
Let o(x) = -x**3 - 8*x**2 - 8*x + 8. Determine o(-4).
-24
Let d(p) = -217*p**2 + 11*p - 1. What is d(-1)?
-229
Let j(m) = -2*m**3 + 4*m - 3. Give j(1).
-1
Let c(g) = -53*g**2 + 850*g - 5. Give c(16).
27
Let p(y) = -11*y + 265. Give p(0).
265
Let a(h) = -304*h - 316. Determine a(-1).
-12
Let b(g) = g**3 + 4*g**2 - 344*g - 1691. What is b(-5)?
4
Let c(z) = z**3 + 8*z**2 - 115*z - 14. Give c(7).
-84
Let w(o) = -163*o + 1293. What is w(8)?
-11
Let g(u) = 82*u - 5565. Determine g(68).
11
Let b(p) = -p**3 - 8*p**2 - 14*p + 22. Calculate b(-8).
134
Let f(i) = i**2 - 1791*i - 19822. Give f(-11).
0
Let b(o) = -5*o**2 - 120*o + 147. What is b(-26)?
-113
Let w(h) = -2*h**3 + 6*h**2 - 2*h + 9. Determine w(-5).
419
Let c(m) = 13*m + 271. What is c(-16)?
63
Let u(j) = -6958*j + 62601. Determine u(9).
-21
Let u(j) = 11*j - 126. Give u(44).
358
Let d(k) = 3*k**3 + 4*k**2 - 6*k - 19. Calculate d(-2).
-15
Let h(s) = -152*s + 1191. Determine h(9).
-177
Let q(k) = 7*k**3 + 50*k**2 + 8*k + 60. Calculate q(-7).
53
Let b(h) = 80*h - 109. Calculate b(0).
-109
Let p(n) = -n**2 - 73*n - 1014. Determine p(-18).
-24
Let a(x) = -2*x**3 + 6*x**2 - 3*x - 2. Calculate a(6).
-236
Let s(p) = -55*p**3 - 2*p**2 - 2*p - 2. Give s(-1).
53
Let u(v) = v**3 + 8*v**2 - 667*v - 5928. What is u(-9)?
-6
Let z(c) = 4*c**3 - 61*c**2 + 13*c + 89. Determine z(15).
59
Let p(q) = -q**3 + 109*q**2 + 337*q - 22. What is p(112)?
90
Let c(t) = -84*t + 610. Determine c(8).
-62
Let n(q) = -q**2 + 10*q - 4. Calculate n(10).
-4
Let t(j) = -2*j**3 + 54*j**2 + 49*j + 198. Give t(28).
2
Let g(f) = 139*f - 2023. Calculate g(15).
62
Let a(h) = -44*h - 341. What is a(-7)?
-33
Let i(f) = -f + 30. Determine i(45).
-15
Let s(j) = 11*j**2 + 252*j - 16. What is s(-23)?
7
Let s(m) = -47*m**2 + 381*m - 607. Determine s(6).
-13
Let p(m) = -m**3 - 2*m**2 - 3*m - 9. Give p(-7).
257
Let m(a) = -2*a**2 + 83*a - 787. Calculate m(28).
-31
Let l(s) = 2*s**3 + 31*s**2 - 13*s + 53. Calculate l(-17).
-593
Let s(j) = -11*j - 305. What is s(-9)?
-206
Let s(b) = -b**3 + 10*b**2 + 8*b + 5. Determine s(-6).
533
Let w(r) = -5*r**2 + 107*r - 567. Determine w(11).
5
Let p(z) = 101*z - 294. Calculate p(3).
9
Let n(g) = 63*g**2 - 4914*g + 17. What is n(78)?
17
Let o(i) = 2*i**3 - 4*i**2 + 8*i - 10. Calculate o(4).
86
Let i(x) = -10*x**2 + 1714*x - 689. Determine i(171).
-5
Let n(k) = 118*k + 772. Give n(-7).
-54
Let j(t) = -20*t - 2422. Give j(-122).
18
Let x(q) = -17*q - 254. Give x